{"id":176,"date":"2024-02-15T13:35:01","date_gmt":"2024-02-15T12:35:01","guid":{"rendered":"https:\/\/www.lyceerobertbadinter.fr\/?page_id=176"},"modified":"2025-05-21T14:34:25","modified_gmt":"2025-05-21T12:34:25","slug":"transports-scolaires","status":"publish","type":"page","link":"https:\/\/www.lyceerobertbadinter.fr\/index.php\/transports-scolaires\/","title":{"rendered":"Transports scolaires"},"content":{"rendered":"<div class=\"wp-block-image\">\n<figure class=\"alignright size-large is-resized\"><img loading=\"lazy\" decoding=\"async\" width=\"1024\" height=\"583\" src=\"https:\/\/www.lyceerobertbadinter.fr\/wp-content\/uploads\/2025\/05\/200917_LOGOS_TNA_RVB-Copie-1024x583.png\" alt=\"\" class=\"wp-image-545\" style=\"width:276px;height:auto\" srcset=\"https:\/\/www.lyceerobertbadinter.fr\/wp-content\/uploads\/2025\/05\/200917_LOGOS_TNA_RVB-Copie-1024x583.png 1024w, https:\/\/www.lyceerobertbadinter.fr\/wp-content\/uploads\/2025\/05\/200917_LOGOS_TNA_RVB-Copie-300x171.png 300w, https:\/\/www.lyceerobertbadinter.fr\/wp-content\/uploads\/2025\/05\/200917_LOGOS_TNA_RVB-Copie-768x438.png 768w, https:\/\/www.lyceerobertbadinter.fr\/wp-content\/uploads\/2025\/05\/200917_LOGOS_TNA_RVB-Copie.png 1383w\" sizes=\"auto, (max-width: 1024px) 100vw, 1024px\" \/><\/figure>\n<\/div>\n\n\n<p><strong>Quand et comment faut-il inscrire les \u00e9l\u00e8ves pour qu\u2019ils puissent prendre les transports scolaires ?<\/strong><\/p>\n\n\n\n<p>Les familles des lyc\u00e9ens affect\u00e9s au lyc\u00e9e Robert Badinter pourront s\u2019inscrire en ligne sur le portail Transports de la R\u00e9gion Nouvelle Aquitaine \u00e0 compter <strong>du\u00a003 juin 2025\u00a0:\u00a0<\/strong><\/p>\n\n\n\n<p><a href=\"https:\/\/transports.nouvelle-aquitaine.fr\/transports-scolaires\/inscription\" target=\"_blank\" rel=\"noreferrer noopener\">S\u2019inscrire aux transports scolaires en Nouvelle-Aquitaine<\/a>.<\/p>\n\n\n\n<p><b>Quelles seront les lignes de bus scolaires pr\u00e9vues pour les lyc\u00e9ens ?&nbsp;<\/b><\/p>\n\n\n\n<p>L\u2019offre transport d\u00e9ploy\u00e9e pour assurer la desserte du Lyc\u00e9e polyvalent Robert Badinter \u00e0 compter de la rentr\u00e9e 2025 est une offre de transport scolaire d\u00e9di\u00e9e qui s\u2019organisera de la mani\u00e8re suivante :<\/p>\n\n\n\n<ul class=\"wp-block-list\">\n<li>une arriv\u00e9e \u00e0 7h45 le matin<\/li>\n\n\n\n<li>un d\u00e9part \u00e0 17h15 les lundis, mardis, jeudis et vendredis<\/li>\n\n\n\n<li>un d\u00e9part \u00e0 18h10 les lundis, mardis, jeudis<\/li>\n\n\n\n<li>un d\u00e9part \u00e0 13h10 le mercredi<\/li>\n<\/ul>\n\n\n\n<p>(pour rappel, l\u2019amplitude horaire maximale pour&nbsp;l\u2019ann\u00e9e 2025-2026 sera 08h-18h) conform\u00e9ment au r\u00e8glement int\u00e9rieur de l&rsquo;\u00e9tablissement.<\/p>\n\n\n\n<p><strong>Quels seront lignes de transport scolaire ?<\/strong><\/p>\n\n\n\n<p>A terme le lyc\u00e9e de Cr\u00e9on sera desservi par 25 circuits de transport scolaire d\u00e9di\u00e9s qui pourront transporter environ 1 600 \u00e9l\u00e8ves. Un parking d\u00e9di\u00e9 a \u00e9t\u00e9 am\u00e9nag\u00e9 afin de stationner les 25 cars qui assureront la desserte du lyc\u00e9e.<\/p>\n\n\n\n<p>A la rentr\u00e9e&nbsp;2025, 14&nbsp;circuits desserviront le lyc\u00e9e.<\/p>\n\n\n\n<p>Lors des&nbsp;prochaines&nbsp;rentr\u00e9es scolaires&nbsp;ces circuits seront modifi\u00e9s afin de prendre en compte l\u2019augmentation progressive du nombre d\u2019\u00e9l\u00e8ves \u00e0 transporter. &nbsp;Au fur et \u00e0 mesure que le nombre d\u2019\u00e9l\u00e8ves augmentera, les temps de parcours seront donc optimis\u00e9s.<\/p>\n\n\n\n<figure class=\"wp-block-image size-large\"><a href=\"https:\/\/transports.nouvelle-aquitaine.fr\/\" target=\"_blank\" rel=\" noreferrer noopener\"><img loading=\"lazy\" decoding=\"async\" width=\"1024\" height=\"583\" src=\"https:\/\/www.lyceerobertbadinter.fr\/wp-content\/uploads\/2025\/05\/200917_LOGOS_TNA_RVB-Copie-1024x583.png\" alt=\"\" class=\"wp-image-545\" srcset=\"https:\/\/www.lyceerobertbadinter.fr\/wp-content\/uploads\/2025\/05\/200917_LOGOS_TNA_RVB-Copie-1024x583.png 1024w, https:\/\/www.lyceerobertbadinter.fr\/wp-content\/uploads\/2025\/05\/200917_LOGOS_TNA_RVB-Copie-300x171.png 300w, https:\/\/www.lyceerobertbadinter.fr\/wp-content\/uploads\/2025\/05\/200917_LOGOS_TNA_RVB-Copie-768x438.png 768w, https:\/\/www.lyceerobertbadinter.fr\/wp-content\/uploads\/2025\/05\/200917_LOGOS_TNA_RVB-Copie.png 1383w\" sizes=\"auto, (max-width: 1024px) 100vw, 1024px\" \/><\/a><\/figure>\n","protected":false},"excerpt":{"rendered":"<p>Quand et comment faut-il inscrire les \u00e9l\u00e8ves pour qu\u2019ils puissent prendre les transports scolaires ? Les familles des lyc\u00e9ens affect\u00e9s au lyc\u00e9e Robert Badinter pourront s\u2019inscrire en ligne sur le portail Transports de la R\u00e9gion [&hellip;]<\/p>\n","protected":false},"author":1,"featured_media":0,"parent":0,"menu_order":0,"comment_status":"closed","ping_status":"closed","template":"","meta":{"footnotes":""},"class_list":["post-176","page","type-page","status-publish","hentry"],"_links":{"self":[{"href":"https:\/\/www.lyceerobertbadinter.fr\/index.php\/wp-json\/wp\/v2\/pages\/176","targetHints":{"allow":["GET"]}}],"collection":[{"href":"https:\/\/www.lyceerobertbadinter.fr\/index.php\/wp-json\/wp\/v2\/pages"}],"about":[{"href":"https:\/\/www.lyceerobertbadinter.fr\/index.php\/wp-json\/wp\/v2\/types\/page"}],"author":[{"embeddable":true,"href":"https:\/\/www.lyceerobertbadinter.fr\/index.php\/wp-json\/wp\/v2\/users\/1"}],"replies":[{"embeddable":true,"href":"https:\/\/www.lyceerobertbadinter.fr\/index.php\/wp-json\/wp\/v2\/comments?post=176"}],"version-history":[{"count":25,"href":"https:\/\/www.lyceerobertbadinter.fr\/index.php\/wp-json\/wp\/v2\/pages\/176\/revisions"}],"predecessor-version":[{"id":560,"href":"https:\/\/www.lyceerobertbadinter.fr\/index.php\/wp-json\/wp\/v2\/pages\/176\/revisions\/560"}],"wp:attachment":[{"href":"https:\/\/www.lyceerobertbadinter.fr\/index.php\/wp-json\/wp\/v2\/media?parent=176"}],"curies":[{"name":"wp","href":"https:\/\/api.w.org\/{rel}","templated":true}]}}